120 + 3*u**5/20 - u**4/12 - u**3 - 26*u**2 - 7*u - 1. Let t(f) be the first derivative of o(f). What is t(-9)?
12
Let w(p) = 30*p - 1104. Let c be w(37). Let g(a) be the third derivative of -a**6/120 + a**5/10 + a**4/24 + a**3/2 - 2*a**2. Determine g(c).
9
Let s(x) = x**3 + 3*x**2 - 3*x + 8. Let p = -4494 - -4490. Determine s(p).
4
Let l(s) = -12 - 3 + s - 4 + 18. Calculate l(5).
4
Suppose 49 = -5*c - 3*d, 5*d + 12 = 8*c - 10*c. Let m(n) = 7*n**2 + 7*n - 3. Let r(u) = 13*u**2 + 13*u - 5. Let v(q) = c*m(q) + 6*r(q). What is v(0)?
3
Let n(d) = -65*d + 910. Let x(g) = -2*g + 30. Let q(r) = -3*n(r) + 91*x(r). Suppose -2*o + 4 = 2. Calculate q(o).
13
Suppose -146*k - 1 = -145*k, -2*u = 4*k + 2. Let j(r) = 3*r + 2. Calculate j(u).
5
Let u(o) = o**2 + 4*o - 441. Let p be u(19). Let k(t) = 3*t + 7. Give k(p).
-5
Let y be (-4)/12 + (-74)/(-6). Suppose 2*d = -l - 12, 3*d + y = 7*d. Let x(g) = g**3 + 18*g**2 - 5. What is x(l)?
-5
Let k = 8001 - 7999. Let s(m) be the first derivative of -k*m**2 + 2/3*m**3 + 4*m + 1/4*m**4 + 8. Calculate s(-4).
-12
Let b(h) be the third derivative of -h**4/6 + 9*h**3/2 + 133*h**2. Determine b(9).
-9
Let o(x) = -x**3 - 5*x**2 + x - 3. Let v(p) be the first derivative of -p**3/3 - 9*p**2/2 - 7*p - 4. Let i be v(-10). Let z = i - -12. Calculate o(z).
-8
Suppose -2100 = -599*x + 191*x + 308*x. Let d(y) = y**2 - 22*y + 19. What is d(x)?
-2
Let q(u) = -9*u**2 + 6*u - 3. Let d(j) = -j**3 - 16*j**2 - 28*j + 2. Let z be d(-14). Give q(z).
-27
Suppose 0 = -3*c, -7*x = -2*x + 2*c + 10. Let h(i) = 5*i**2 - 4*i. Let l(g) = 2*g**2 + 1. Let d(s) = h(s) - 3*l(s). Give d(x).
1
Let j = -4 + 7. Suppose d - g = 3*g - j, -2*d - 4*g - 6 = 0. Let m(z) = 2*z**3 + 4*z**2 - 4. What is m(d)?
-22
Let z(u) be the second derivative of u**7/840 + u**6/180 - u**5/40 + 35*u**3/2 - 46*u. Let d(f) be the second derivative of z(f). Calculate d(2).
10
Suppose 196 = 40*i - 164. Let a(j) = j + 1. Let u(z) = -2*z. Let y(x) = -3*a(x) - 2*u(x). Give y(i).
6
Let h be (-4)/60*(-17 + 2) + 4. Let i(m) be the third derivative of m**5/60 - m**4/6 - m**3 - 8*m**2. Give i(h).
-1
Let q(f) = -f**3 + 36*f**2 - 31*f - 136. Let u be q(35). Let d(o) be the first derivative of -1/2*o**2 - 3*o + 4. What is d(u)?
-7
Let j be (-14)/(-42) + (-1)/3. Suppose 4*h - t + 4*t + 12 = j, 4*t = -5*h - 16. Let y(x) = -x + 8*x - 1 - 6*x. What is y(h)?
-1
Let g(q) be the first derivative of 5/2*q**2 - 2*q - 14. Determine g(2).
8
Suppose 0 = 3*m + m + 20. Let o(q) = -7*q. Let d(n) be the first derivative of -6*n**2 + 222. Let i(g) = -4*d(g) + 7*o(g). Calculate i(m).
5
Let h(i) be the first derivative of 3*i + 70 - 1/3*i**3 - 2*i**2. Let u be ((-2)/4)/((-1)/(-8)). Determine h(u).
3
Let h = -400 + 450. Suppose -4*b = -29*b + h. Let c(p) = -3*p - 1. Let s(j) = -7*j - 2. Let k(r) = -5*c(r) + 3*s(r). What is k(b)?
-13
Let j(s) = 9*s - 3 - 3*s - 5*s - 4*s. Let q = 668 + -664. Give j(q).
-15
Let h(p) be the first derivative of 7*p**2 - 169*p + 4564. Determine h(12).
-1
Let l(a) = -a**3 + 2*a**2 + 3*a + 1. Let w(f) be the third derivative of -f**5/60 + f**4/24 + f**3/6 + 98*f**2. Let q(m) = -l(m) + 3*w(m). Determine q(4).
-14
Let h(c) be the third derivative of -c**6/120 - 17*c**5/60 + c**4/6 + 65*c**3/6 - 2558*c**2. What is h(-17)?
-3
Let m(k) = -2*k**2 - 125*k + 1219. Let v be m(-71). Let n(g) = 4*g**2 - 47*g - 13. Determine n(v).
-1
Let i(h) = -h**2 - 16*h - 33. Let r be i(-9). Let d be 2*(-5)/(r/9). Let u(k) = -k - 7. Calculate u(d).
-4
Let h(z) = z**3 + 4*z**2 + 20*z + 90. Suppose -92*p + 87 = 158 + 297. What is h(p)?
10
Let s(m) = -51*m - 1774. Let l be s(-35). Let p(d) = d**2 - 14*d + 5. Determine p(l).
-28
Let k(j) = 22*j**2 - 7*j + 20. Let g(s) = 49*s**2 - 16*s + 43. Let b(y) = -4*g(y) + 9*k(y). Calculate b(2).
18
Let n be (4 - (-17)/(-2))*-58. Let s(r) = 11*r + 14*r**2 + n - 257 - 15*r**2. Let u(p) = -11*p - 1. Let y be u(-1). Calculate s(y).
14
Let k be (-3 - -3)*(-2)/4. Let n(s) = 191*s - s**3 - 54*s - 86*s - 50*s - 6. Calculate n(k).
-6
Let r(s) be the third derivative of s**7/840 + s**6/240 - s**5/120 + 37*s**4/24 + 81*s**2. Let m(l) be the second derivative of r(l). Determine m(2).
17
Suppose -u - 61*u - 25*u = -174. Let q(j) = 3*j**2 - j - 4. What is q(u)?
6
Let p(s) = 2*s - 2. Let c be p(4). Suppose 0 = -4*n - 4*g - 100, -3*n + 3*g - 3 = 72. Let l be (7 + 0)*(n/5 + c). Let q(t) = t**2 - 5*t - 10. Determine q(l).
4
Let m(a) = 9*a - 4. Let l(f) = f**3 + 4*f**2 - 4*f - 17. Let i be l(-3). What is m(i)?
32
Let n(m) = 3*m**3 - 1064*m**2 + 582*m**2 + 3 + 2*m - 4*m**3 + 488*m**2. Let a = 0 + 7. What is n(a)?
-32
Let i(z) be the first derivative of 2*z**4 + 2*z**3/3 + z**2 + 13*z + 35. Let t(h) = 13*h**3 + 3*h**2 + 3*h + 20. Let k(q) = -8*i(q) + 5*t(q). Calculate k(0).
-4
Let h(f) = -5*f**2 - 21*f + 22. Let x(w) = 13*w**2 + 60*w - 66. Let k(u) = -8*h(u) - 3*x(u). Determine k(5).
-13
Suppose -n - u = 2, 15*u = -n + 10*u - 18. Let k(g) = -11*g**2 - 13*g**2 - 11*g**n - 2*g + 3*g + 26*g**2 + g**3. Calculate k(9).
9
Let p = 4714 + -37711/8. Let x(s) be the third derivative of p*s**4 + 1/6*s**3 + 8*s**2 + 0 + 0*s. Calculate x(-3).
-8
Let k(g) be the first derivative of -g**2 + 2*g - 1. Suppose 5*i = 4*w + 43, -4*i - 4*w + 189 = 169. Give k(i).
-12
Let t = 25 - 33. Let g(w) = -6*w - 27. Let z(c) = 4*c + 18. Let u(s) = t*z(s) - 5*g(s). Calculate u(-10).
11
Let b(p) = -p. Let n(u) be the third derivative of u**4/24 + u**3/6 + 67*u**2. Let t(a) = 4*b(a) - n(a). Give t(-1).
4
Let o(s) be the third derivative of -5*s**4/6 + s**3/6 + 866*s**2. What is o(2)?
-39
Let p(l) = -40*l + 3. Let c(q) = -16*q + 402. Let n be c(25). Determine p(n).
-77
Let q(d) be the third derivative of -d**6/120 - d**5/10 + 17*d**4/24 + 11*d**3/6 - 7*d**2 - 48*d. Determine q(-8).
3
Let b(q) = 7*q**2 - 122725 + 122746 - 6*q**2. Determine b(-4).
37
Let l = -378 + 176. Let m = -204 - l. Let x(u) = -3*u**2. Calculate x(m).
-12
Let j = -148 + 151. Let q(l) = l**2 + 4 - 2*l + 466*l**3 + 8*l - 467*l**j. Give q(3).
4
Let y be 1*0/2*-1. Let f(o) = -o**2 - 3146*o + 0*o**2 - 3149*o - 7 - 3148*o + 9442*o. Calculate f(y).
-7
Let b(y) = y**2 + y + 4. Let f be b(0). Suppose -f*u + 2*m = -194, 106 + 12 = 3*u + 4*m. Let o = u - 39. Let s(z) = z**2 - 6*z - 8. Determine s(o).
-1
Let c(s) = s - 2. Let z = 180 + -42. Let k = z - 138. What is c(k)?
-2
Let k(q) = -q + 18. Suppose 425*x + 45*x = 2258 - 378. Calculate k(x).
14
Let y(w) = -w**3 - w**2 + 44*w + 110. Let b be y(-5). Let r(h) = h + 5. What is r(b)?
-5
Let p be (-5 + 5)/(-5 + 3 + 4). Let c(g) = -g**3 + g**2 + 5*g + 1. What is c(p)?
1
Suppose -7*y + 3*p - 9 = -12*y, 0 = -3*y - 6*p - 3. Let b(o) be the first derivative of 4*o - 8 - 3/2*o**2. Determine b(y).
-5
Let r be -4 - -1 - (25 + -7 + -13). Let u(x) = x**3 + 10*x**2 + 12*x + 6. Calculate u(r).
38
Let a(v) = -v - 5. Let x(h) = 7*h + 124. Let i be x(-18). Let t(n) = -4*n - 13. Let m(j) = i*t(j) + 7*a(j). Determine m(-10).
-19
Let f(t) = -12*t + 205. Suppose -3*j - 26 = -b, b - 4*j + 97 - 126 = 0. Calculate f(b).
1
Suppose 169*y = 182*y + 117. Let v(q) be the third derivative of q**4/8 + q**3 - 3*q**2. Calculate v(y).
-21
Let f = 1982 + -1976. Let z(j) = -j**2 + 20*j - 79. What is z(f)?
5
Suppose -2*y - 51 = -19*y. Suppose -2*f = -0*j - 4*j - 14, 5*j + 12 = -y*f. Let s(o) = 17 - f - 2 + o + 0*o. What is s(0)?
14
Let p(w) = 10271*w - 3425*w + 1 - 3419*w - 3*w**2 - 3419*w. Calculate p(3).
-2
Let s(v) = -v**3 + 29*v**2 + 61*v + 36. Let o be s(31). Let y(z) = -25*z + 111. Calculate y(o).
-14
Let z(r) = 175*r + 6. Let a(b) = 78*b + 4. Let l(j) = 9*a(j) - 4*z(j). Give l(3).
18
Let y(n) be the third derivative of n**6/120 - 7*n**5/60 + 13*n**4/24 - 11*n**3/2 + 2096*n**2 - 2. Calculate y(8).
135
Suppose 0 = -4*z - 7 - 21. Let f(p) = 412*p**2 + 22*p - 46. Let x(m) = 118*m**2 + 8*m - 15. Let i(r) = -2*f(r) + 7*x(r). Give i(z).
1
Let r(d) be the first derivative of 1/8*d**4 + 0*d + 0*d**2 + 19 + 1/120*d**5 - 31/3*d**3. Let z(i) be the third derivative of r(i). Calculate z(6).
9
Let s be ((-43)/5547*-43)/((-2)/36). Let z(k) = 6*k**2 + 3*k - 13. Determine z(s).
185
Let z(d) = -d**2 + 0*d**2 + 8998 - 8995. Suppose -y - 5 = 3*l, y + 4 = -4*l - y. Give z(l).
-6
Let v = 237 - 177. Suppose 6*m + 132 = v. Let w(g) = -g**3 - 13*g**2 - 11*g + 12. Determine w(m)